101 (base 2) in base 6?
423005
391 (base 10) to base 2
110000111
What is 491 (base 11) in base 2?
1001001000
Convert aa3 (base 16) to base 3.
10201212
What is 112f2 (base 16) in base 14?
1b918
Convert -19560 (base 10) to base 6.
-230320
What is -10110100010 (base 2) in base 15?
-662
Convert -13a (base 12) to base 4.
-2332
What is 7c1 (base 14) in base 11?
1181
-34043 (base 6) to base 2
-1001010101011
Convert -13552 (base 7) to base 6.
-25104
Convert 8ee1 (base 15) to base 7.
154342
-1310 (base 9) to base 12
-699
2222022 (base 3) to base 16
878
What is 1319 (base 10) in base 12?
91b
Convert -4314 (base 6) to base 4.
-33112
Convert -223 (base 14) to base 7.
-1143
What is -1a0a (base 14) in base 13?
-21b8
What is -121121 (base 3) in base 14?
-240
-2012001020 (base 3) to base 2
-1010100000100100
Convert -20132 (base 4) to base 12.
-392
Convert 100000011001011 (base 2) to base 11.
1150a
-33304 (base 5) to base 15
-a54
What is -504a (base 12) in base 2?
-10000111111010
What is 3417 (base 9) in base 12?
1567
What is a73 (base 11) in base 7?
3522
What is 12213320 (base 4) in base 12?
13848
-8a (base 11) to base 12
-82
What is 32301 (base 5) in base 8?
4231
Convert 7a94 (base 11) to base 16.
2986
Convert -c9d3 (base 14) to base 10.
-34877
-9b (base 13) to base 7
-242
2f3c (base 16) to base 12
6bb8
What is bda9 (base 15) in base 9?
61136
Convert -2202 (base 4) to base 12.
-116
542 (base 11) to base 8
1213
Convert -1011000010 (base 2) to base 10.
-706
What is 5042 (base 6) in base 8?
2122
What is -164 (base 16) in base 6?
-1352
Convert 103030 (base 4) to base 3.
1200111
-110c6 (base 13) to base 12
-15a88
-15835 (base 10) to base 5
-1001320
2c1 (base 15) to base 6
2531
What is 4410 (base 5) in base 10?
605
What is -308 (base 16) in base 13?
-479
Convert -11415 (base 8) to base 5.
-124002
What is 7a23 (base 13) in base 4?
10023022
-311 (base 7) to base 15
-a5
-7b37 (base 13) to base 11
-11a93
Convert -1250 (base 11) to base 15.
-738
10111001111100 (base 2) to base 5
340100
1001011010000010 (base 2) to base 8
113202
-4034 (base 5) to base 12
-373
-2712 (base 9) to base 14
-a56
What is 11233133 (base 4) in base 5?
1223034
1572 (base 10) to base 6
11140
Convert 2012220 (base 3) to base 9.
2186
What is 2801 (base 9) in base 7?
6100
-875 (base 9) to base 14
-392
Convert 1594 (base 13) to base 3.
11100011
46745 (base 8) to base 7
112065
41b (base 16) to base 9
1387
-41b5 (base 12) to base 10
-7193
-303 (base 12) to base 7
-1161
What is 4265 (base 8) in base 6?
14153
What is 34521 (base 6) in base 14?
1b33
Convert 3125 (base 7) to base 16.
449
What is -1011001000100100 (base 2) in base 14?
-12896
What is 10738 (base 10) in base 12?
626a
What is 26a (base 11) in base 13?
1b6
What is -10205 (base 8) in base 15?
-13be
Convert -256060 (base 7) to base 15.
-e214
What is -23253 (base 9) in base 14?
-5927
Convert -414 (base 9) to base 15.
-177
bb49 (base 13) to base 2
110010111100111
Convert 3102111 (base 4) to base 10.
13461
What is -1ab (base 12) in base 7?
-542
What is -2c (base 13) in base 2?
-100110
850 (base 9) to base 7
2010
Convert -111013 (base 4) to base 5.
-20401
Convert 1410 (base 7) to base 8.
1042
What is 2022201 (base 3) in base 7?
4636
-2516 (base 13) to base 5
-132013
What is -684 (base 9) in base 5?
-4222
What is -471 (base 11) in base 15?
-277
Convert 321321 (base 5) to base 8.
25124
144210 (base 6) to base 11
a499
What is 101111100001 (base 2) in base 14?
1173
-55225 (base 9) to base 8
-107433
What is -14322 (base 6) in base 8?
-4352
Convert 27461 (base 8) to base 5.
341311
-21111011 (base 3) to base 10
-5458
What is -1422 (base 7) in base 5?
-4210
What is 9385 (base 11) in base 12?
7243
1c1 (base 13) to base 4
11012
What is -52232 (base 6) in base 2?
-1101101011100
1000010100 (base 2) to base 6
2244
What is -2345 (base 8) in base 15?
-588
d1d (base 14) to base 13
1231
What is -2958 (base 11) in base 13?
-1975
What is 188 (base 13) in base 7?
551
What is 66215 (base 7) in base 14?
607c
What is 29c7 (base 14) in base 4?
1310003
-14748 (base 9) to base 11
-7641
-529 (base 16) to base 11
-aa1
Convert 12210 (base 4) to base 11.
352
54600 (base 7) to base 11
a2a9
What is -14663 (base 10) in base 5?
-432123
-51 (base 12) to base 14
-45
What is 21210112 (base 3) in base 11?
42a8
What is -121 (base 5) in base 12?
-30
Convert 334 (base 9) to base 6.
1134
What is -6216 (base 12) in base 13?
-4b21
Convert 124212 (base 5) to base 12.
2a30
-13636 (base 8) to base 10
-6046
What is -1651 (base 13) in base 6?
-23101
Convert -4790 (base 12) to base 4.
-1331130
-572 (base 9) to base 6
-2102
What is 18711 (base 12) in base 16?
8afd
Convert -10521 (base 15) to base 11.
-359a4
What is 10010101011101 (base 2) in base 13?
447a
Convert -233203 (base 4) to base 14.
-1175
Convert -14001 (base 6) to base 14.
-b05
Convert -17451 (base 8) to base 5.
-223402
What is 1944 (base 10) in base 5?
30234
What is -3001031 (base 4) in base 7?
-51023
Convert -10012000112 (base 3) to base 7.
-350552
Convert -666 (base 13) to base 5.
-13343
6928 (base 10) to base 3
100111121
-1001101011011 (base 2) to base 4
-1031123
What is 2122012 (base 3) in base 13?
b4b
What is -10103 (base 4) in base 3?
-101012
Convert -4001 (base 5) to base 3.
-200120
What is -1957 (base 15) in base 7?
-21661
What is 175 (base 9) in base 7?
302
16 (base 11) to base 7
23
What is -7628 (base 9) in base 15?
-19e5
What is -15101 (base 11) in base 2?
-101001110101010
What is -605 (base 12) in base 13?
-51b
-462 (base 11) to base 13
-336
10232220 (base 5) to base 6
1504424
What is 14661 (base 7) in base 3?
12122020
-609 (base 10) to base 16
-261
-89b6 (base 14) to base 4
-11311010
Convert -2752 (base 8) to base 16.
-5ea
Convert -4531 (base 6) to base 11.
-887
786 (base 13) to base 11
a76
What is 23410 (base 7) in base 5?
143114
What is -4343 (base 6) in base 8?
-1747
-17334 (base 8) to base 5
-223100
Convert 6004 (base 14) to base 12.
9644
What is -13233 (base 4) in base 7?
-1305
Convert 21101 (base 3) to base 4.
3013
3445 (base 10) to base 15
104a
Convert -53 (base 12) to base 2.
-111111
Convert 315 (base 10) to base 12.
223
-420343 (base 5) to base 14
-5092
Convert -1c92 (base 14) to base 16.
-1468
Convert 2131 (base 7) to base 8.
1365
Convert -5ba (base 12) to base 7.
-2341
What is -140223 (base 5) in base 6?
-42200
503 (base 16) to base 5
20113
What is -60 (base 15) in base 5?
-330
What is 1215 (base 11) in base 12?
b05
What is 76d7 (base 14) in base 16?
505d
Convert 102203 (base 4) to base 12.
82b
28b (base 12) to base 5
3040
529 (base 11) to base 10
636
-6042 (base 7) to base 9
-2770
Convert 17630 (base 11) to base 16.
608d
Convert 31 (base 12) to base 9.
41
What is 887 (base 11) in base 15?
4ad
What is 2e85 (base 15) in base 13?
4742
What is -1705 (base 11) in base 12?
-131b
Convert 1377 (base 11) to base 14.
910
What is -1022 (base 6) in base 13?
-149
Convert d9e (base 16) to base 4.
312132
What is -16325 (base 8) in base 2?
-1110011010101
Convert -2132031 (base 4) to base 9.
-14800
Convert 645 (base 10) to base 14.
341
127 (base 14) to base 4
3213
What is 5dd8 (base 14) in base 7?
65661
Convert -11702 (base 9) to base 12.
-466b
-232133 (base 4) to base 11
-2265
110101000 (base 2) to base 12
2b4
What is -203003 (base 4) in base 10?
-2243
What is 11349 (base 10) in base 5?
330344
-319a (base 12) to base 11
-4101
What is 5206 (base 13) in base 9?
16477
Convert 120020 (base 3) to base 6.
1523
2021001 (base 3) to base 8
3160
Convert -7569 (base 10) to base 15.
-2399
Convert -305 (base 15) to base 9.
-835
Convert 13ef (base 16) to base 13.
2427
-14115 (base 6) to base 16
-89f
What is 2420 (base 5) in base 11?
2a8
What is 1001202 (base 4) in base 11?
3173
1034 (base 10) to base 8
2012
What is 2103 (base 5) in base 16?
116
What is -11570 (base 9) in base 2?
-1111001001110
What is -11d (base 14) in base 3?
-22021
What is -12112 (base 3) in base 6?
-405
3200011 (base 4) to base 13
66b2
What is 500311 (base 6) in base 4?
21201103
448 (base 13) to base 3
1000021
What is -31102313 (base 4) in base 13?
-1ba2b
What is 32c (base 14) in base 8?
1164
What is -9b05 (base 12) in base 4?
-10023311
Convert 1145 (base 9) to base 10.
851
-438 (base 12) to base 13
-389
111000100 (base 2) to base 8
704
Convert -15409 (base 11) to base 7